{"id":22,"date":"2019-12-22T15:25:02","date_gmt":"2019-12-22T15:25:02","guid":{"rendered":"http:\/\/hil-fee.de\/?page_id=22"},"modified":"2024-08-28T09:43:20","modified_gmt":"2024-08-28T07:43:20","slug":"hallo","status":"publish","type":"page","link":"https:\/\/www.hil-fee.de\/?page_id=22","title":{"rendered":"Hallo an alle Freunde des Wassersports und die, die es noch werden wollen."},"content":{"rendered":"\n<h4 class=\"wp-block-heading has-text-align-center\">Mein Motto &#8220;Spa\u00df im Wasser f\u00fcr Jung und Alt&#8221;<\/h4>\n\n\n\n<p class=\"has-text-align-center\">und das m\u00f6chte ich Ihnen und Euch weitergeben.<\/p>\n\n\n\n<p><\/p>\n\n\n\n<div class=\"wp-block-columns is-layout-flex wp-container-core-columns-is-layout-9d6595d7 wp-block-columns-is-layout-flex\">\n<div class=\"wp-block-column is-vertically-aligned-center is-layout-flow wp-block-column-is-layout-flow\" style=\"flex-basis:33.33%\">\n<p>Die ersten Erfahrungen habe ich als Jugendlicher bei der Wasserwacht gemacht.<\/p>\n<\/div>\n\n\n\n<div class=\"wp-block-column is-layout-flow wp-block-column-is-layout-flow\" style=\"flex-basis:66.66%\">\n<figure class=\"wp-block-image size-large\"><img data-recalc-dims=\"1\" loading=\"lazy\" decoding=\"async\" width=\"640\" height=\"393\" data-attachment-id=\"72\" data-permalink=\"https:\/\/www.hil-fee.de\/?attachment_id=72\" data-orig-file=\"https:\/\/i0.wp.com\/www.hil-fee.de\/wp-content\/uploads\/2019\/12\/Schwimmkurs.jpg?fit=1406%2C863&amp;ssl=1\" data-orig-size=\"1406,863\" data-comments-opened=\"1\" data-image-meta=\"{&quot;aperture&quot;:&quot;0&quot;,&quot;credit&quot;:&quot;&quot;,&quot;camera&quot;:&quot;&quot;,&quot;caption&quot;:&quot;&quot;,&quot;created_timestamp&quot;:&quot;0&quot;,&quot;copyright&quot;:&quot;&quot;,&quot;focal_length&quot;:&quot;0&quot;,&quot;iso&quot;:&quot;0&quot;,&quot;shutter_speed&quot;:&quot;0&quot;,&quot;title&quot;:&quot;&quot;,&quot;orientation&quot;:&quot;0&quot;}\" data-image-title=\"Schwimmkurs\" data-image-description=\"\" data-image-caption=\"\" data-large-file=\"https:\/\/i0.wp.com\/www.hil-fee.de\/wp-content\/uploads\/2019\/12\/Schwimmkurs.jpg?fit=640%2C393&amp;ssl=1\" src=\"https:\/\/i0.wp.com\/hil-fee.de\/wp-content\/uploads\/2019\/12\/Schwimmkurs-1024x629.jpg?resize=640%2C393\" alt=\"\" class=\"wp-image-72\" srcset=\"https:\/\/i0.wp.com\/www.hil-fee.de\/wp-content\/uploads\/2019\/12\/Schwimmkurs.jpg?resize=1024%2C629&amp;ssl=1 1024w, https:\/\/i0.wp.com\/www.hil-fee.de\/wp-content\/uploads\/2019\/12\/Schwimmkurs.jpg?resize=300%2C184&amp;ssl=1 300w, https:\/\/i0.wp.com\/www.hil-fee.de\/wp-content\/uploads\/2019\/12\/Schwimmkurs.jpg?resize=768%2C471&amp;ssl=1 768w, https:\/\/i0.wp.com\/www.hil-fee.de\/wp-content\/uploads\/2019\/12\/Schwimmkurs.jpg?resize=863%2C530&amp;ssl=1 863w, https:\/\/i0.wp.com\/www.hil-fee.de\/wp-content\/uploads\/2019\/12\/Schwimmkurs.jpg?resize=176%2C108&amp;ssl=1 176w, https:\/\/i0.wp.com\/www.hil-fee.de\/wp-content\/uploads\/2019\/12\/Schwimmkurs.jpg?w=1406&amp;ssl=1 1406w, https:\/\/i0.wp.com\/www.hil-fee.de\/wp-content\/uploads\/2019\/12\/Schwimmkurs.jpg?w=1280&amp;ssl=1 1280w\" sizes=\"auto, (max-width: 640px) 100vw, 640px\" \/><\/figure>\n<\/div>\n<\/div>\n\n\n\n<p>2008 fing ich dann meine Umschulung zum Fachangestellten f\u00fcr B\u00e4derbetriebe an. W\u00e4hrend der sehr umfangreiche Ausbildung wurde ich von erfolgreichen Schwimmerinnen und Schwimmern in alle Schwimmstilen hervorragend ausgebildet.<br>W\u00e4hren der Umschulung konnte ich Lehrg\u00e4nge f\u00fcr Aquafitness, S\u00e4uglings- und Kleinkinderschwimmen bei der DSV-Jugend und Lehrscheine f\u00fcr Schwimmen und Rettungsschwimmen bei der DLRG machen.<\/p>\n","protected":false},"excerpt":{"rendered":"<p>Mein Motto &#8220;Spa\u00df im Wasser f\u00fcr Jung und Alt&#8221; und das m\u00f6chte ich Ihnen und Euch weitergeben. Die ersten Erfahrungen habe ich als Jugendlicher bei der Wasserwacht gemacht. 2008 fing ich dann meine Umschulung zum Fachangestellten f\u00fcr B\u00e4derbetriebe an. W\u00e4hrend der sehr umfangreiche Ausbildung wurde ich von erfolgreichen Schwimmerinnen und Schwimmern in alle Schwimmstilen hervorragend &hellip; <\/p>\n<p><a href=\"https:\/\/www.hil-fee.de\/?page_id=22\" class=\"more-link\"><span class=\"screen-reader-text\">Hallo an alle Freunde des Wassersports und die, die es noch werden wollen.<\/span> weiterlesen<\/a><\/p>\n","protected":false},"author":1,"featured_media":0,"parent":0,"menu_order":0,"comment_status":"closed","ping_status":"closed","template":"","meta":{"om_disable_all_campaigns":false,"_monsterinsights_skip_tracking":false,"_monsterinsights_sitenote_active":false,"_monsterinsights_sitenote_note":"","_monsterinsights_sitenote_category":0,"jetpack_post_was_ever_published":false,"footnotes":""},"class_list":["post-22","page","type-page","status-publish","hentry"],"aioseo_notices":[],"jetpack_sharing_enabled":true,"jetpack_likes_enabled":true,"jetpack_shortlink":"https:\/\/wp.me\/Pby8PJ-m","_links":{"self":[{"href":"https:\/\/www.hil-fee.de\/index.php?rest_route=\/wp\/v2\/pages\/22","targetHints":{"allow":["GET"]}}],"collection":[{"href":"https:\/\/www.hil-fee.de\/index.php?rest_route=\/wp\/v2\/pages"}],"about":[{"href":"https:\/\/www.hil-fee.de\/index.php?rest_route=\/wp\/v2\/types\/page"}],"author":[{"embeddable":true,"href":"https:\/\/www.hil-fee.de\/index.php?rest_route=\/wp\/v2\/users\/1"}],"replies":[{"embeddable":true,"href":"https:\/\/www.hil-fee.de\/index.php?rest_route=%2Fwp%2Fv2%2Fcomments&post=22"}],"version-history":[{"count":15,"href":"https:\/\/www.hil-fee.de\/index.php?rest_route=\/wp\/v2\/pages\/22\/revisions"}],"predecessor-version":[{"id":1100,"href":"https:\/\/www.hil-fee.de\/index.php?rest_route=\/wp\/v2\/pages\/22\/revisions\/1100"}],"wp:attachment":[{"href":"https:\/\/www.hil-fee.de\/index.php?rest_route=%2Fwp%2Fv2%2Fmedia&parent=22"}],"curies":[{"name":"wp","href":"https:\/\/api.w.org\/{rel}","templated":true}]}}